{"id":117,"date":"2021-05-19T03:15:09","date_gmt":"2021-05-19T01:15:09","guid":{"rendered":"https:\/\/cantinelovetere.fr\/?page_id=117"},"modified":"2025-07-04T01:32:12","modified_gmt":"2025-07-03T23:32:12","slug":"menu-cantine","status":"publish","type":"page","link":"https:\/\/cantinelovetere.fr\/index.php\/menu-cantine\/","title":{"rendered":"Menu Cantine"},"content":{"rendered":"\n<div class=\"wp-block-group\"><div class=\"wp-block-group__inner-container is-layout-flow wp-block-group-is-layout-flow\">\n<div class=\"wp-block-group\"><div class=\"wp-block-group__inner-container is-layout-flow wp-block-group-is-layout-flow\">\n<div class=\"wp-block-columns is-layout-flex wp-container-core-columns-is-layout-9d6595d7 wp-block-columns-is-layout-flex\">\n<div class=\"wp-block-column is-layout-flow wp-block-column-is-layout-flow\">\n<div class=\"wp-block-buttons is-layout-flex wp-block-buttons-is-layout-flex\">\n<div class=\"wp-block-button\"><a class=\"wp-block-button__link has-white-color has-vivid-red-background-color has-text-color has-background wp-element-button\" href=\"https:\/\/cantinelovetere.fr\/index.php\/les-menus\/\">Les Menus<\/a><\/div>\n<\/div>\n<\/div>\n\n\n\n<div class=\"wp-block-column is-layout-flow wp-block-column-is-layout-flow\">\n<div class=\"wp-block-buttons is-horizontal is-content-justification-right is-layout-flex wp-container-core-buttons-is-layout-ae2fe186 wp-block-buttons-is-layout-flex\">\n<div class=\"wp-block-button\"><a class=\"wp-block-button__link has-white-color has-vivid-red-background-color has-text-color has-background wp-element-button\" href=\"https:\/\/cantinelovetere.fr\/index.php\/les-boissons\/\">Les Boissons<\/a><\/div>\n<\/div>\n<\/div>\n<\/div>\n<\/div><\/div>\n\n\n\n<p class=\"has-text-align-center has-vivid-red-color has-text-color has-large-font-size\"><strong>30,00 \u20ac<\/strong><\/p>\n\n\n\n<p class=\"has-text-align-center has-small-font-size\"><strong class=\"has-medium-font-size\">Tartare de Truite des Pyr\u00e9n\u00e9es et Burrata<\/strong><\/p>\n\n\n\n<p class=\"has-text-align-center\">ou<\/p>\n\n\n\n<p class=\"has-text-align-center has-small-font-size\"><strong class=\"has-medium-font-size\"><strong class=\"has-medium-font-size\">Carpaccio de B\u0153uf<\/strong><\/strong><\/p>\n<\/div><\/div>\n\n\n\n<div class=\"wp-block-group\"><div class=\"wp-block-group__inner-container is-layout-flow wp-block-group-is-layout-flow\">\n<p class=\"has-text-align-center\">ou<\/p>\n<\/div><\/div>\n\n\n\n<div class=\"wp-block-group\"><div class=\"wp-block-group__inner-container is-layout-flow wp-block-group-is-layout-flow\">\n<p class=\"has-text-align-center\"><strong class=\"has-medium-font-size\">Aubergines \u00e0 la Parmigiana<\/strong><\/p>\n<\/div><\/div>\n\n\n\n<p class=\"has-text-align-center\">*****&nbsp;&nbsp;&nbsp;&nbsp;<\/p>\n\n\n\n<p class=\"has-text-align-center\"><strong class=\"has-medium-font-size\">Pav\u00e9 de Truite des Pyr\u00e9n\u00e9es \u00e0 basse temp\u00e9rature<\/strong><br>ou<\/p>\n\n\n\n<p class=\"has-text-align-center\"><strong class=\"has-medium-font-size\"><strong>Spaghetti alla Carbonara<\/strong><\/strong><\/p>\n\n\n\n<p class=\"has-text-align-center\">ou<\/p>\n\n\n\n<p class=\"has-text-align-center\"><strong class=\"has-medium-font-size\">Escalope Milanaise, Frites<\/strong><\/p>\n\n\n\n<p class=\"has-text-align-center\">ou<\/p>\n\n\n\n<p class=\"has-text-align-center\"><strong class=\"has-medium-font-size\">Pizza au choix<\/strong><\/p>\n\n\n\n<p class=\"has-text-align-center\">*****<\/p>\n\n\n\n<p class=\"has-text-align-center has-medium-font-size\"><strong>Tiramisu<\/strong><\/p>\n\n\n\n<p class=\"has-text-align-center\">ou<\/p>\n\n\n\n<p class=\"has-text-align-center has-medium-font-size\"><strong>Cannolo \u00e0 la Ricotta de la Zia Franca<\/strong><\/p>\n\n\n\n<p class=\"has-text-align-center\">ou<\/p>\n\n\n\n<p class=\"has-text-align-center has-medium-font-size\"><strong>Coupe de Glace<\/strong><\/p>\n","protected":false},"excerpt":{"rendered":"<p>30,00 \u20ac Tartare de Truite des Pyr\u00e9n\u00e9es et Burrata ou Carpaccio de B\u0153uf ou Aubergines \u00e0 la Parmigiana *****&nbsp;&nbsp;&nbsp;&nbsp; Pav\u00e9 de Truite des Pyr\u00e9n\u00e9es \u00e0 basse temp\u00e9ratureou Spaghetti alla Carbonara ou Escalope Milanaise, Frites ou Pizza au choix ***** Tiramisu ou Cannolo \u00e0 la Ricotta de la Zia Franca ou Coupe de Glace<\/p>\n","protected":false},"author":1,"featured_media":0,"parent":0,"menu_order":0,"comment_status":"closed","ping_status":"closed","template":"","meta":{"om_disable_all_campaigns":false,"_monsterinsights_skip_tracking":false,"_monsterinsights_sitenote_active":false,"_monsterinsights_sitenote_note":"","_monsterinsights_sitenote_category":0,"footnotes":""},"class_list":["post-117","page","type-page","status-publish","hentry"],"aioseo_notices":[],"jetpack_sharing_enabled":true,"_links":{"self":[{"href":"https:\/\/cantinelovetere.fr\/index.php\/wp-json\/wp\/v2\/pages\/117","targetHints":{"allow":["GET"]}}],"collection":[{"href":"https:\/\/cantinelovetere.fr\/index.php\/wp-json\/wp\/v2\/pages"}],"about":[{"href":"https:\/\/cantinelovetere.fr\/index.php\/wp-json\/wp\/v2\/types\/page"}],"author":[{"embeddable":true,"href":"https:\/\/cantinelovetere.fr\/index.php\/wp-json\/wp\/v2\/users\/1"}],"replies":[{"embeddable":true,"href":"https:\/\/cantinelovetere.fr\/index.php\/wp-json\/wp\/v2\/comments?post=117"}],"version-history":[{"count":46,"href":"https:\/\/cantinelovetere.fr\/index.php\/wp-json\/wp\/v2\/pages\/117\/revisions"}],"predecessor-version":[{"id":627,"href":"https:\/\/cantinelovetere.fr\/index.php\/wp-json\/wp\/v2\/pages\/117\/revisions\/627"}],"wp:attachment":[{"href":"https:\/\/cantinelovetere.fr\/index.php\/wp-json\/wp\/v2\/media?parent=117"}],"curies":[{"name":"wp","href":"https:\/\/api.w.org\/{rel}","templated":true}]}}